{"id":227,"date":"2010-02-28T21:28:17","date_gmt":"2010-02-28T21:28:17","guid":{"rendered":"http:\/\/kano.bestinclass.dk\/?page_id=227"},"modified":"2012-08-05T19:32:36","modified_gmt":"2012-08-05T19:32:36","slug":"profil","status":"publish","type":"page","link":"https:\/\/www.kanoekspressen.dk\/?page_id=227","title":{"rendered":"Profil"},"content":{"rendered":"<p><script src=\"\/wp-content\/uniform\/jquery.js\" type=\"text\/javascript\"><\/script> <script type=\"text\/javascript\">\/\/ <![CDATA[\n $('.post').css('background', 'url(\/wp-content\/mfrimann.png) no-repeat bottom right');\n$('.entry').css('height', '550px');\n\/\/ ]]><\/script><\/p>\n<h1>Michael Frimann<\/h1>\n<p><br class=\"_spacer\"\/><\/p>\n<p>Kano Ekspressen blev startet af J\u00f8rgen Frimann 1983 og jeg overtog ledelsen og den daglige drift i 1997. I de f\u00f8rste \u00e5r var vores prim\u00e6re aktiviteter koncentreret om \u00c5snen, som er et st\u00f8rre s\u00f8 omr\u00e5det, hvor vi sejlede mellem Alvesta og Urshult frem til 1987. I 1987 overtog vi s\u00e5 det dav\u00e6rende FANAHOLM KANOTCENTER, beliggende t\u00e6t p\u00e5 Helge \u00c5, kun 7 km. fra Virestadsj\u00f6n, hvorfra vores ture siden har taget deres begyndelse.<br \/>\nVores ture p\u00e5 Helge \u00c5 har jeg personligt sejlet mange gange og jeg nyder det privilegie at kunne opholde mig s\u00e5 meget i det fri. Sammen med familie og gode venner har jeg gennem \u00e5rene brugt utallige timer i den svenske natur, hvorfor jeg ogs\u00e5 holder af at formidle denne oplevelse for andre.<\/p>\n<p>B\u00e5de vores ture og koncept er indrettet som vi selv ville<br \/>\nforetr\u00e6kke det, skulle vi af sted.<br \/>\nVi tager os af de praktiske detaljer og vil bestr\u00e6be os p\u00e5<br \/>\nat skabe en god ramme om jeres tur i den sm\u00e5landske natur,<br \/>\ns\u00e5 I kan koncentrere jer om at nyde turen!<\/p>\n<p>Venlig hilsen<br \/>\nMichael Frimann<\/p>\n","protected":false},"excerpt":{"rendered":"<p>Michael Frimann Kano Ekspressen blev startet af J\u00f8rgen Frimann 1983 og jeg overtog ledelsen og den daglige drift i 1997. I de f\u00f8rste \u00e5r var vores prim\u00e6re aktiviteter koncentreret om \u00c5snen, som er et st\u00f8rre s\u00f8 omr\u00e5det, hvor vi sejlede mellem Alvesta og Urshult frem til 1987. I 1987 overtog vi s\u00e5 det dav\u00e6rende FANAHOLM [&hellip;]<\/p>\n","protected":false},"author":1,"featured_media":0,"parent":0,"menu_order":9,"comment_status":"open","ping_status":"open","template":"","meta":[],"aioseo_notices":[],"_links":{"self":[{"href":"https:\/\/www.kanoekspressen.dk\/index.php?rest_route=\/wp\/v2\/pages\/227"}],"collection":[{"href":"https:\/\/www.kanoekspressen.dk\/index.php?rest_route=\/wp\/v2\/pages"}],"about":[{"href":"https:\/\/www.kanoekspressen.dk\/index.php?rest_route=\/wp\/v2\/types\/page"}],"author":[{"embeddable":true,"href":"https:\/\/www.kanoekspressen.dk\/index.php?rest_route=\/wp\/v2\/users\/1"}],"replies":[{"embeddable":true,"href":"https:\/\/www.kanoekspressen.dk\/index.php?rest_route=%2Fwp%2Fv2%2Fcomments&post=227"}],"version-history":[{"count":14,"href":"https:\/\/www.kanoekspressen.dk\/index.php?rest_route=\/wp\/v2\/pages\/227\/revisions"}],"predecessor-version":[{"id":406,"href":"https:\/\/www.kanoekspressen.dk\/index.php?rest_route=\/wp\/v2\/pages\/227\/revisions\/406"}],"wp:attachment":[{"href":"https:\/\/www.kanoekspressen.dk\/index.php?rest_route=%2Fwp%2Fv2%2Fmedia&parent=227"}],"curies":[{"name":"wp","href":"https:\/\/api.w.org\/{rel}","templated":true}]}}