{"id":16,"date":"2010-02-02T17:44:22","date_gmt":"2010-02-02T17:44:22","guid":{"rendered":"http:\/\/frimann.l\/?page_id=16"},"modified":"2021-08-20T10:15:51","modified_gmt":"2021-08-20T10:15:51","slug":"program","status":"publish","type":"page","link":"https:\/\/www.kanoekspressen.dk\/?page_id=16","title":{"rendered":"Helge-\u00c5"},"content":{"rendered":"<p><strong>Vores ture er koncentreret om den del af Helge-\u00c5 som g\u00e5r fra<br \/>\nVirestadsj\u00f6n i \u00d8st &#8211; Visseltofta eller fra Ryssby Sj\u00f6n i Nord &#8211; Visseltofta<\/strong><\/p>\n<p><strong>Overordnet kan man opdele \u00e5en i to typer.<\/strong><\/p>\n<p><a href=\"http:\/\/maps.google.dk\/maps\/ms?msid=214938658808198560444.0004859e67e7a97559362&#038;msa=0&#038;ll=56.609397,14.17305&#038;spn=0.283419,0.935211\">Den stille og rolige uden de kr\u00e6vende udfordringer.<\/a> Her kan alle v\u00e6re med uden forudg\u00e5ende kendskab.<\/p>\n<p><a href=\"http:\/\/maps.google.dk\/maps\/ms?msid=214938658808198560444.0004a39f16f7c9092e9a3&#038;msa=0\">Den mere aktionpr\u00e6gede tur med foss og en l\u00e6ngere landtransport<\/a><br \/>\nHer er det bestemt en fordel som minimum at v\u00e6re let\u00f8vet og have siddet i en kano f\u00f8r.<\/p>\n<p><strong>OBS OBS OBS OBS OBS !!! <\/strong><br \/>\nDer kan ikke sejles mellem Visseltofta og Skeingesj\u00f6n, hvorfor det ikke er muligt at sejle hele vejen til Osby. Dette skyldes at d\u00e6mningen ved H\u00e4stberga Kraftv\u00e6rk i nov. 2010 br\u00f8d sammen og derved t\u00f8mte hele kraftv\u00e6rksdammen og s\u00e6nkede vandstanden op ad \u00e5en betragteligt. Og i direkte konsekvens heraf blev der etableret et sejladsforbud p\u00e5 str\u00e6kningen af Osby Kommune.<br \/>\nOm og hvorn\u00e5r kraftv\u00e6rket reetableres, ligger der ingen konkret information om p\u00e5 nuv\u00e6rende tidspunkt..<\/p>\n<p>Startstedet ved l\u00e6ngere ture er Virestadsj\u00f6n, men der er mulighed for at starte og slutte turen flere forskellige steder. Der kan henover s\u00e6sonen v\u00e6re problemer med at sejle p\u00e5 den f\u00f8rste del af ruten, idet der enkelte steder vil v\u00e6re s\u00e5 lidt vand at passage bliver meget vanskeligt. Et alternativt startsted kan f.eks. v\u00e6re <a href=\"https:\/\/maps.google.dk\/maps\/ms?msid=214938658808198560444.0004c812da57333b79cf6&#038;msa=0&#038;ll=56.731635,14.143181&#038;spn=0.131645,0.41851\">Holmen nord for M\u00f6ckeln<\/a> <\/p>\n","protected":false},"excerpt":{"rendered":"<p>Vores ture er koncentreret om den del af Helge-\u00c5 som g\u00e5r fra Virestadsj\u00f6n i \u00d8st &#8211; Visseltofta eller fra Ryssby Sj\u00f6n i Nord &#8211; Visseltofta Overordnet kan man opdele \u00e5en i to typer. Den stille og rolige uden de kr\u00e6vende udfordringer. Her kan alle v\u00e6re med uden forudg\u00e5ende kendskab. Den mere aktionpr\u00e6gede tur med foss [&hellip;]<\/p>\n","protected":false},"author":1,"featured_media":0,"parent":0,"menu_order":2,"comment_status":"open","ping_status":"open","template":"","meta":[],"aioseo_notices":[],"_links":{"self":[{"href":"https:\/\/www.kanoekspressen.dk\/index.php?rest_route=\/wp\/v2\/pages\/16"}],"collection":[{"href":"https:\/\/www.kanoekspressen.dk\/index.php?rest_route=\/wp\/v2\/pages"}],"about":[{"href":"https:\/\/www.kanoekspressen.dk\/index.php?rest_route=\/wp\/v2\/types\/page"}],"author":[{"embeddable":true,"href":"https:\/\/www.kanoekspressen.dk\/index.php?rest_route=\/wp\/v2\/users\/1"}],"replies":[{"embeddable":true,"href":"https:\/\/www.kanoekspressen.dk\/index.php?rest_route=%2Fwp%2Fv2%2Fcomments&post=16"}],"version-history":[{"count":27,"href":"https:\/\/www.kanoekspressen.dk\/index.php?rest_route=\/wp\/v2\/pages\/16\/revisions"}],"predecessor-version":[{"id":562,"href":"https:\/\/www.kanoekspressen.dk\/index.php?rest_route=\/wp\/v2\/pages\/16\/revisions\/562"}],"wp:attachment":[{"href":"https:\/\/www.kanoekspressen.dk\/index.php?rest_route=%2Fwp%2Fv2%2Fmedia&parent=16"}],"curies":[{"name":"wp","href":"https:\/\/api.w.org\/{rel}","templated":true}]}}